
-1310052424
What is -2022120012 (base 3) in base 8?
-131050
ba224 (base 15) to base 2
10010000010100000101
What is -17225322 (base 8) in base 2?
-1111010010101011010010
Convert -1001120010000 (base 3) to base 8.
-2111734
Convert 157624 (base 10) to base 16.
267b8
-114863 (base 11) to base 9
-306651
-6da230 (base 14) to base 13
-a15a48
What is -42243034 (base 5) in base 2?
-1010110001001111110
Convert -1445971 (base 10) to base 9.
-2643444
Convert -64456050 (base 7) to base 3.
-101100002020010
-1011000100101000000111 (base 2) to base 5
-1220340120
What is 909ec8 (base 15) in base 3?
110220221020122
What is 13c833b (base 13) in base 9?
12764085
1311100231 (base 5) to base 3
20001200200011
Convert -123477 (base 9) to base 11.
-51187
-220201112111 (base 3) to base 7
-4064521
Convert 28510 (base 13) to base 16.
12724
Convert 4132051 (base 7) to base 12.
1ba794
Convert -156ba7 (base 13) to base 5.
-113414101
Convert -6540501 (base 8) to base 6.
-101325345
11010021000 (base 3) to base 9
133230
Convert -136d89 (base 15) to base 9.
-1673863
What is -2b5948 (base 16) in base 6?
-140520200
Convert 625304 (base 8) to base 4.
302223010
What is -2201202313 (base 4) in base 14?
-1331d5
-10312434 (base 5) to base 16
-159ae
What is 60662 (base 7) in base 12?
8648
-23011033 (base 7) to base 4
-13220331301
Convert 62545 (base 7) to base 13.
6cc4
Convert -3141570 (base 9) to base 5.
-412241223
1549d06 (base 15) to base 12
51b9636
Convert -1274465 (base 8) to base 16.
-57935
192381 (base 14) to base 2
11011001001110011101
Convert -1110110110000110100 (base 2) to base 13.
-140555
What is -25464310 (base 7) in base 3?
-11100210101001
101034344 (base 5) to base 7
3321421
5512421 (base 6) to base 8
1027175
Convert -863506 (base 9) to base 14.
-d563a
What is -107781 (base 9) in base 14?
-19880
What is -20112203 (base 4) in base 12?
-1796b
What is -1332493 (base 10) in base 4?
-11011110031
What is 100134 (base 10) in base 11?
69261
Convert 4335024 (base 6) to base 15.
43a41
Convert -123788 (base 13) to base 2.
-1101010100001001101
What is -8aa0d2 (base 15) in base 16?
-64f09d
-1612464 (base 9) to base 6
-31055304
Convert 183884 (base 11) to base 6.
10023132
Convert 1b93a4 (base 15) to base 6.
44514114
What is -1bc7a (base 13) in base 6?
-1101545
Convert 7b1a58 (base 12) to base 7.
22525433
Convert -115246 (base 11) to base 2.
-101100100101101111
Convert -626506 (base 7) to base 6.
-2151441
What is -5d288 (base 14) in base 2?
-110111101110101000
What is -11110300101 (base 4) in base 9?
-2556520
What is 151626 (base 9) in base 8?
265645
What is 17598b (base 15) in base 4?
10110203231
1a84c (base 13) to base 15
105d2
Convert 22000012000012 (base 3) to base 6.
231111522
Convert 110011100100000111011 (base 2) to base 14.
31da9d
-bf0b0 (base 16) to base 14
-16525a
What is 111310312 (base 6) in base 5?
1004442243
-1042332124 (base 5) to base 7
-25423033
Convert 740406 (base 10) to base 7.
6202422
-23022133 (base 4) to base 13
-17a76
Convert -141c1 (base 14) to base 10.
-49757
What is 21101220101110 (base 3) in base 16?
3c09e7
What is 1100100000101100001011 (base 2) in base 11?
194003a
3661276 (base 10) to base 8
15756734
What is 700213 (base 9) in base 14?
aa9ad
24234440 (base 5) to base 6
4513115
Convert 1021333323 (base 4) to base 12.
1274a3
Convert -122211221101011 (base 3) to base 8.
-44137306
Convert -3100052 (base 6) to base 14.
-3bbd6
What is -2000001102021 (base 3) in base 9?
-2001367
2374877 (base 9) to base 13
361c93
-761806 (base 10) to base 15
-100ac1
132302000 (base 4) to base 15
27555
Convert -3a2815 (base 15) to base 14.
-529ba1
Convert 10445a0 (base 11) to base 8.
7002204
Convert -30103 (base 14) to base 12.
-56987
-34243211 (base 5) to base 11
-199a43
748c2 (base 14) to base 11
182654
What is e51b (base 16) in base 6?
1131311
Convert b44a73 (base 13) to base 11.
241534a
-36709cc (base 13) to base 4
-1000200113221
Convert 1422532 (base 6) to base 14.
21728
What is 40014121 (base 5) in base 3?
120221021002
Convert 1001831 (base 10) to base 2.
11110100100101100111
What is -146361 (base 9) in base 7?
-523201
Convert -1388b (base 12) to base 2.
-110101000101011
What is 10011100111111111 (base 2) in base 6?
1420051
Convert -240611 (base 8) to base 13.
-2b60a
-ba616 (base 12) to base 5
-30340013
Convert 1cc4c0 (base 14) to base 12.
419760
Convert 1382a0 (base 12) to base 3.
121112012010
What is -4204042 (base 7) in base 16?
-7b70c
Convert b5299 (base 15) to base 11.
362571
Convert -34202040 (base 6) to base 7.
-11601120
Convert 1100000000111000 (base 2) to base 9.
74445
220431042 (base 5) to base 7
11043401
-b0b1b5 (base 14) to base 9
-12163176
Convert 753a63 (base 13) to base 4.
22133130022
-2835521 (base 11) to base 6
-252353132
Convert -6d24a (base 15) to base 3.
-122200120021
Convert -10745bb (base 14) to base 5.
-3444414234
-26353543 (base 9) to base 10
-12967167
Convert -6025054 (base 9) to base 11.
-189a347
What is -7b361 (base 13) in base 6?
-4452104
Convert -3044342 (base 6) to base 15.
-2d485
What is 210111220001012 (base 3) in base 6?
1045021352
What is 24431226 (base 7) in base 2?
1000010111010010111110
What is 3523270 (base 8) in base 3?
1210210010101
What is -1300247 (base 9) in base 10?
-708793
20112321 (base 4) to base 12
17989
Convert 16007342 (base 8) to base 6.
210424242
Convert -cc465a (base 14) to base 13.
-1586caa
What is -141a65 (base 12) in base 13?
-b964b
Convert 2042522 (base 6) to base 3.
12000222012
Convert 47558 (base 14) to base 6.
3421122
What is 12376445 (base 8) in base 7?
32250454
Convert -1023001100 (base 4) to base 8.
-1130120
-301434403 (base 5) to base 3
-2021002111020
65e (base 16) to base 11
1252
Convert -436274 (base 9) to base 3.
-111020022111
-665743 (base 11) to base 15
-15e8a1
What is -4054230 (base 6) in base 13?
-6a437
Convert 2030330203 (base 4) to base 7.
4623064
Convert -67651 (base 12) to base 16.
-218dd
Convert 501aa7 (base 13) to base 15.
26b3c9
-11110011001100101111111 (base 2) to base 13
-1860398
c3dd9 (base 14) to base 8
1631633
-1399a9 (base 14) to base 5
-133222211
Convert -101534061 (base 7) to base 14.
-b17731
274613 (base 8) to base 15
1d986
What is -1022212122 (base 3) in base 7?
-136151
-14014201 (base 7) to base 15
-1a98e1
451408 (base 9) to base 10
270062
Convert 2113334314 (base 5) to base 7.
52454160
4325112 (base 8) to base 16
11aa4a
What is 903942 (base 12) in base 9?
4202855
What is -5b984 (base 15) in base 4?
-1013120233
Convert c549 (base 16) to base 2.
1100010101001001
Convert 1454272 (base 8) to base 13.
117418
Convert -774831 (base 11) to base 5.
-304024140
Convert 6874 (base 9) to base 12.
2b41
-15320615 (base 7) to base 4
-11212032311
Convert -529196 (base 10) to base 8.
-2011454
Convert -4512502 (base 9) to base 14.
-473511
What is -5220021 (base 8) in base 15?
-1c532a
240203423 (base 5) to base 7
12232264
157863 (base 9) to base 15
1de0c
-22b5 (base 14) to base 2
-1011110010111
What is 6674428 (base 9) in base 10?
3592133
-34201034 (base 5) to base 7
-2402111
b71297 (base 12) to base 11
16a0134
Convert 22e175 (base 15) to base 9.
3121442
What is 155466 (base 11) in base 10?
241467
Convert 199b9b (base 12) to base 5.
103441321
What is 4c1bc (base 15) in base 14?
649bc
-563665 (base 10) to base 16
-899d1
What is 538343 (base 12) in base 16?
1426e3
-100011101110000001110110 (base 2) to base 9
-18551361
333203121 (base 4) to base 8
774331
Convert -527423 (base 9) to base 5.
-40020230
Convert -155564 (base 8) to base 9.
-85052
32416713 (base 8) to base 11
3a1aa81
21320004 (base 8) to base 9
8524162
12221032210 (base 4) to base 15
246107
What is -100000100010001110010000 (base 2) in base 8?
-40421620
Convert -2341 (base 13) to base 9.
-6714
What is -1201120010111 (base 3) in base 4?
-3133233133
Convert -6606215 (base 10) to base 15.
-8a75e5
What is 8550a (base 14) in base 15?
65643
Convert -3a5443 (base 11) to base 16.
-9b74d
Convert 21204413 (base 5) to base 11.
112315
Convert -1033100011 (base 4) to base 8.
-1172005
-11719 (base 10) to base 14
-43b1
-332004 (base 8) to base 3
-12200010002
317443 (base 8) to base 11
72934
What is -5c0d0 (base 14) in base 12?
-aa39a
Convert 32331133312 (base 4) to base 12.
139175a
What is -17584536 (base 9) in base 14?
-1266a2b
What is 1003451 (base 8) in 